eatest common divisor of 53380 and 1970?
10
Calculate the highest common divisor of 3756 and 191676.
12
What is the highest common divisor of 208109734 and 28?
14
What is the highest common factor of 1222 and 44159414?
1222
What is the greatest common factor of 40487397 and 15?
3
What is the greatest common divisor of 211 and 95633429?
211
Calculate the highest common factor of 464 and 4919183.
29
Calculate the highest common factor of 41330 and 290.
10
Calculate the greatest common factor of 1371725 and 50.
25
Calculate the highest common factor of 723 and 16869.
3
Calculate the highest common divisor of 24 and 500742366.
6
Calculate the highest common factor of 976521 and 11427.
39
Calculate the greatest common divisor of 2451 and 13544796.
57
What is the greatest common factor of 252 and 1560744?
36
Calculate the highest common factor of 847 and 5789861.
77
Calculate the greatest common divisor of 383151271 and 8373.
2791
Calculate the highest common factor of 8097 and 24207.
3
What is the highest common divisor of 93445187 and 67133?
3949
Calculate the highest common divisor of 17728303 and 478.
239
What is the greatest common divisor of 16704 and 54225360?
4176
Calculate the highest common factor of 495 and 32919579.
99
What is the highest common factor of 192 and 20889600?
192
What is the greatest common factor of 122140 and 9850000?
3940
Calculate the greatest common factor of 59715780 and 40515.
555
Calculate the greatest common divisor of 100580 and 9223400.
2140
Calculate the greatest common divisor of 42847138 and 70592.
2206
Calculate the highest common factor of 1968 and 16227636.
492
What is the highest common divisor of 26940919 and 172?
43
Calculate the highest common divisor of 7720 and 495720.
40
What is the greatest common divisor of 1112732 and 7647232?
7468
What is the highest common factor of 1066 and 144181830?
1066
Calculate the greatest common divisor of 427 and 12055015.
7
What is the highest common divisor of 97903522 and 1882?
1882
Calculate the greatest common divisor of 128212507 and 166.
83
What is the greatest common divisor of 14 and 1849917986?
14
Calculate the greatest common divisor of 1014441 and 921.
3
What is the greatest common divisor of 596960 and 2577260?
5740
What is the highest common factor of 31542 and 5465778?
4506
What is the greatest common divisor of 735 and 62944665?
735
Calculate the greatest common factor of 2990 and 3210455.
115
What is the highest common divisor of 60074 and 103978?
98
Calculate the greatest common divisor of 101711 and 181288.
527
What is the greatest common divisor of 585 and 878137?
13
Calculate the highest common factor of 1976 and 400435412.
988
Calculate the greatest common factor of 3570 and 712334.
238
Calculate the highest common divisor of 27975702 and 1302.
186
What is the greatest common divisor of 520 and 10498890?
10
Calculate the highest common factor of 23230 and 3922190.
230
What is the greatest common factor of 559280 and 5520?
80
Calculate the highest common factor of 1950688396 and 444.
148
Calculate the highest common divisor of 842232 and 8892.
228
What is the greatest common factor of 144059 and 21939?
71
Calculate the highest common factor of 362900499 and 39.
39
Calculate the greatest common divisor of 113625 and 211275.
225
Calculate the greatest common factor of 61 and 17821455.
61
Calculate the highest common factor of 7136 and 3853664.
32
What is the greatest common divisor of 1850 and 18717634?
74
Calculate the highest common divisor of 6712 and 457755044.
3356
What is the highest common divisor of 3836961 and 462807?
549
Calculate the highest common divisor of 42318 and 132255.
9
What is the greatest common divisor of 63778503 and 86?
43
Calculate the highest common divisor of 11280709 and 121.
121
Calculate the highest common factor of 1396 and 47431194.
698
What is the highest common factor of 9700698 and 154?
14
Calculate the greatest common divisor of 19855 and 7655.
5
Calculate the greatest common divisor of 2635 and 35219875.
155
Calculate the highest common factor of 68 and 115029244.
4
Calculate the greatest common divisor of 449 and 2646907982.
449
Calculate the greatest common factor of 30 and 15136755.
15
What is the highest common factor of 111 and 7242491?
37
Calculate the greatest common divisor of 16909 and 806563.
37
What is the greatest common factor of 19480 and 19909047?
487
What is the highest common factor of 120 and 349224?
24
What is the highest common divisor of 316 and 180310864?
316
What is the highest common divisor of 3880 and 4041560?
40
Calculate the greatest common factor of 53376 and 171.
3
Calculate the highest common divisor of 114481575 and 585.
585
Calculate the highest common factor of 8450 and 3921450.
650
Calculate the highest common factor of 663 and 24897129.
51
Calculate the highest common factor of 1367305380 and 1260.
1260
Calculate the highest common factor of 150961872 and 303.
303
Calculate the highest common divisor of 81180 and 399012.
492
Calculate the greatest common factor of 44469 and 19581.
183
Calculate the highest common factor of 3770 and 370214.
754
Calculate the highest common divisor of 9282582 and 47214.
774
What is the highest common factor of 13396061 and 1643?
31
What is the greatest common factor of 497618 and 138732?
22
What is the highest common divisor of 504 and 1566866?
14
What is the highest common divisor of 3870 and 1862115?
645
Calculate the greatest common divisor of 586 and 231647851.
293
What is the greatest common factor of 21600 and 64998?
18
What is the greatest common divisor of 31 and 6562865?
1
Calculate the greatest common divisor of 2401907 and 424.
53
What is the greatest common divisor of 5358 and 2016582?
282
What is the highest common divisor of 2450 and 1295070?
490
Calculate the greatest common factor of 432 and 299713968.
144
Calculate the highest common divisor of 276595 and 28765.
55
What is the greatest common factor of 276121 and 2743612?
419
Calculate the highest common divisor of 17508 and 240732.
12
What is the greatest common factor of 70 and 83512485?
35
What is the greatest common divisor of 4608 and 273879?
9
What is the highest common divisor of 1847 and 192?
1
What is the greatest common divisor of 7 and 112563129?
7
Calculate the greatest common divisor of 174 and 16338194.
58
Calculate the greatest common factor of 34856107 and 484.
121
What is the greatest common divisor of 527129897 and 1421?
1421
Calculate the greatest common divisor of 2877 and 5978817.
411
Calculate the greatest common divisor of 233483 and 48577.
1567
What is the greatest common factor of 60 and 37552890?
30
What is the greatest common factor of 267469 and 87?
1
What is the highest common factor of 1140 and 27255690?
570
What is the highest common factor of 368 and 72225129?
23
What is the highest common factor of 247 and 40070264?
13
Calculate the greatest common factor of 4444447 and 147.
49
What is the greatest common factor of 3037540 and 118140?
220
Calculate the greatest common divisor of 37529429 and 13896.
193
What is the greatest common divisor of 115709 and 613184?
737
Calculate the greatest common divisor of 910 and 3977960.
70
Calculate the highest common divisor of 58053 and 5069.
37
Calculate the greatest common divisor of 6525233 and 715.
143
What is the highest common divisor of 780 and 951396420?
780
What is the highest common divisor of 176341776 and 234?
78
Calculate the greatest common divisor of 17820 and 12231945.
1485
What is the greatest common divisor of 738 and 40795574?
82
Calculate the greatest common divisor of 4419 and 789273171.
4419
Calculate the highest common divisor of 17 and 13141459.
17
Calculate the highest common factor of 8683002 and 342.
18
What is the greatest common divisor of 1408 and 87088256?
128
What is the greatest common divisor of 679296 and 24156?
732
Calculate the highest common factor of 38236 and 783596.
484
Calculate the greatest common divisor of 318 and 2610833.
53
Calculate the greatest common factor of 150525 and 215579675.
5575
Calculate the highest common factor of 7525180 and 281.
281
What is the greatest common factor of 1330 and 74045090?
1330
Calculate the highest common divisor of 2376 and 1810